{"id":991,"date":"2025-05-20T16:23:21","date_gmt":"2025-05-20T16:23:21","guid":{"rendered":"https:\/\/dtuniversity.org.ve\/web\/?page_id=991"},"modified":"2025-08-31T20:29:53","modified_gmt":"2025-08-31T20:29:53","slug":"sedes","status":"publish","type":"page","link":"https:\/\/dtuniversity.org.ve\/web\/sedes\/","title":{"rendered":"Sedes"},"content":{"rendered":"\n<header class=\"wp-block-uagb-container uagb-layout-flex uagb-block-edf9ad47 alignfull uagb-is-root-container\"><div class=\"uagb-container-inner-blocks-wrap\">\n<div class=\"wp-block-group is-layout-constrained wp-block-group-is-layout-constrained\">\n<div class=\"wp-block-uagb-image uagb-block-4b2f5e11 wp-block-uagb-image--layout-default wp-block-uagb-image--effect-static wp-block-uagb-image--align-none\"><figure class=\"wp-block-uagb-image__figure\"><img decoding=\"async\" srcset=\"https:\/\/dtuniversity.org.ve\/web\/wp-content\/uploads\/2025\/04\/logo-1.png ,https:\/\/dtuniversity.org.ve\/web\/wp-content\/uploads\/2025\/04\/logo-1.png 780w, https:\/\/dtuniversity.org.ve\/web\/wp-content\/uploads\/2025\/04\/logo-1.png 360w\" sizes=\"auto, (max-width: 480px) 150px\" src=\"https:\/\/dtuniversity.org.ve\/web\/wp-content\/uploads\/2025\/04\/logo-1.png\" alt=\"\" class=\"uag-image-876\" width=\"200\" height=\"200\" title=\"logo\" loading=\"lazy\" role=\"img\"\/><\/figure><\/div>\n<\/div>\n\n\n\n<div class=\"wp-block-uagb-advanced-heading uagb-block-022836bc\"><p class=\"uagb-desc-text\"><br><font style=\"vertical-align: inherit;\"><font style=\"vertical-align: inherit;\">SEDE<\/font><\/font>S<\/p><h1 class=\"uagb-heading-text\"><strong>Conoce nuestras sedes y vive la experiencia universitaria cerca de ti.<\/strong><\/h1><\/div>\n<\/div><\/header>\n\n\n\n<div class=\"wp-block-uagb-container uagb-block-b4100758 alignfull uagb-is-root-container\"><div class=\"uagb-container-inner-blocks-wrap\"><\/div><\/div>\n\n\n\n<hr class=\"wp-block-separator has-alpha-channel-opacity is-style-wide\" style=\"margin-top:0;margin-bottom:0\"\/>\n\n\n\n<footer class=\"wp-block-uagb-container uagb-block-iutgfji1 alignfull uagb-is-root-container\"><div class=\"uagb-container-inner-blocks-wrap\">\n<div class=\"wp-block-uagb-image aligncenter uagb-block-suwq5dss wp-block-uagb-image--layout-default wp-block-uagb-image--effect-static wp-block-uagb-image--align-center alignleft\"><figure class=\"wp-block-uagb-image__figure\"><img decoding=\"async\" srcset=\"https:\/\/dtuniversity.org.ve\/web\/wp-content\/uploads\/2025\/05\/Diseno-sin-titulo-4-1024x1024.png ,https:\/\/dtuniversity.org.ve\/web\/wp-content\/uploads\/2025\/05\/Diseno-sin-titulo-4.png 780w, https:\/\/dtuniversity.org.ve\/web\/wp-content\/uploads\/2025\/05\/Diseno-sin-titulo-4.png 360w\" sizes=\"auto, (max-width: 480px) 150px\" src=\"https:\/\/dtuniversity.org.ve\/web\/wp-content\/uploads\/2025\/05\/Diseno-sin-titulo-4-1024x1024.png\" alt=\"\" class=\"uag-image-1023\" width=\"564\" height=\"423\" title=\"Dise\u00f1o sin t\u00edtulo (4)\" loading=\"lazy\" role=\"img\"\/><\/figure><\/div>\n\n\n\n<div class=\"wp-block-uagb-container uagb-block-bpydf1yi\">\n<div class=\"wp-block-uagb-info-box uagb-block-qgxgflmw uagb-infobox__content-wrap  uagb-infobox-icon-above-title uagb-infobox-image-valign-top\"><div class=\"uagb-ifb-content\"><div class=\"uagb-ifb-title-wrap\"><h2 class=\"uagb-ifb-title\">Cont\u00e1ctanos en nuestras sedes !<\/h2><\/div><p class=\"uagb-ifb-desc\">Desde las grandes ciudades hasta los pueblos m\u00e1s acogedores, nuestra universidad extiende su compromiso educativo a lo largo y ancho del pa\u00eds. Cada sede representa un espacio de encuentro, formaci\u00f3n y crecimiento, donde estudiantes, docentes y comunidades construyen juntos el futuro. Descubre d\u00f3nde estamos y c\u00f3mo cada lugar refleja nuestra misi\u00f3n de acercar el conocimiento a todos.<\/p><\/div><\/div>\n<\/div>\n<\/div><\/footer>\n\n\n\n<hr class=\"wp-block-separator has-alpha-channel-opacity is-style-wide\"\/>\n\n\n\n\t<style>\n\t\t.estilo-tabla {\n\t\t\theight: 800px;\n\t\t\twidth: 100%;\n\t\t\tbackground-color: #980527;\n\t\t\toverflow-y: auto;\n\t\t\tbox-sizing: border-box;\n\t\t\tpadding: 20px;\n\t\t\tmargin-top: 30px;\n\t\t\tborder-radius:8px;\n\t\t}\n\t\t.estilo-tabla table {\n\t\t\twidth: 100%;\n\t\t\tbackground-color: #fff;\n\t\t\tborder-collapse: collapse;\n\t\t}\n\t\t\n\t\t.estilo-tabla th {\n\t\t  background-color: #2c3e50; \/* azul oscuro elegante *\/\n\t\t  color: #ecf0f1;            \/* texto claro *\/\n\t\t  padding: 10px 12px;\n\t\t  text-align: left;\n\t\t  font-weight: 600;\n\t\t  font-size: 15px;\n\t\t  border-bottom: 2px solid #34495e;\n\t\t  position: sticky;\n\t\t  top: 0;\n\t\t  z-index: 2;\n\t\t  border: 1px solid #2c3e50;\n\t\t}\n\n\t\t\n\t\t.estilo-tabla td {\n\t\t\tpadding: 8px;\n\t\t\tborder: 1px solid #FFF;\n\t\t}\n\t<\/style>\n\n\t<div class='estilo-tabla'>\n\t<table>\n  <tr>\n\t<th>SEDE<\/th>\n\t<th>TEL\u00c9FONO<\/th>\n\t<th>DIRECI\u00d3N<\/th>\n  <\/tr>\t\n\t\n\t\t<tr>\n\t\t\t<td>Acarigua<\/td>\n\t\t\t<td>04245035598<\/td>\n\t\t\t<td>Acarigua-araure<\/td>\n\t\t<\/tr>\n\t\t<tr>\n\t\t\t<td>Barquisimeto<\/td>\n\t\t\t<td>04245332048<\/td>\n\t\t\t<td>Calle 24 entre carrea 18 y 19 C.C Antonio. 2do piso<\/td>\n\t\t<\/tr>\n\t\t<tr>\n\t\t\t<td>Cabimas<\/td>\n\t\t\t<td>04246551279<\/td>\n\t\t\t<td>Cabimas<\/td>\n\t\t<\/tr>\n\t\t<tr>\n\t\t\t<td>Caja Seca<\/td>\n\t\t\t<td>04247095376<\/td>\n\t\t\t<td>Caja seca<\/td>\n\t\t<\/tr>\n\t\t<tr>\n\t\t\t<td>Carora<\/td>\n\t\t\t<td>04143562016<\/td>\n\t\t\t<td>Carora<\/td>\n\t\t<\/tr>\n\t\t<tr>\n\t\t\t<td>Coro<\/td>\n\t\t\t<td>04146956932<\/td>\n\t\t\t<td>Coro<\/td>\n\t\t<\/tr>\n\t\t<tr>\n\t\t\t<td>Cuidad Ojada<\/td>\n\t\t\t<td>04246551279<\/td>\n\t\t\t<td>Cuidad Ojada<\/td>\n\t\t<\/tr>\n\t\t<tr>\n\t\t\t<td>Maracaibo<\/td>\n\t\t\t<td>04246551279<\/td>\n\t\t\t<td>Maracaibo<\/td>\n\t\t<\/tr>\n\t\t<tr>\n\t\t\t<td>Qu\u00edbor  Tocuyo<\/td>\n\t\t\t<td>04245078505<\/td>\n\t\t\t<td>Qu\u00edbor \u2013 Tocuyo<\/td>\n\t\t<\/tr>\n\t\t<tr>\n\t\t\t<td>Sanare<\/td>\n\t\t\t<td>04140581930<\/td>\n\t\t\t<td>Sanare<\/td>\n\t\t<\/tr>\n\t\t<tr>\n\t\t\t<td>Trujillo<\/td>\n\t\t\t<td>04166581451<\/td>\n\t\t\t<td>trujillo- valera<\/td>\n\t\t<\/tr>\n\t\t<tr>\n\t\t\t<td>Valencia<\/td>\n\t\t\t<td>04244381784<\/td>\n\t\t\t<td>Valencia<\/td>\n\t\t<\/tr>\n\t<\/table>\n\t<\/div>\n\n\n\n<hr class=\"wp-block-separator has-alpha-channel-opacity is-style-wide\"\/>\n\n\n\n<div class=\"wp-block-uagb-container uagb-layout-grid uagb-block-d17d52f5 alignfull uagb-is-root-container\"><div class=\"uagb-container-inner-blocks-wrap\">\n<div class=\"wp-block-uagb-image uagb-block-f5c79397 wp-block-uagb-image--layout-default wp-block-uagb-image--effect-static wp-block-uagb-image--align-none uag-hide-mob\"><figure class=\"wp-block-uagb-image__figure\"><\/figure><\/div>\n\n\n\n<div class=\"wp-block-uagb-image uagb-block-7baf2f18 wp-block-uagb-image--layout-default wp-block-uagb-image--effect-static wp-block-uagb-image--align-none uag-hide-mob\"><figure class=\"wp-block-uagb-image__figure\"><\/figure><\/div>\n<\/div><\/div>\n","protected":false},"excerpt":{"rendered":"<p>SEDES Conoce nuestras sedes y vive la experiencia universitaria cerca de ti.<\/p>\n","protected":false},"author":1,"featured_media":0,"parent":0,"menu_order":0,"comment_status":"closed","ping_status":"closed","template":"","meta":{"_uag_custom_page_level_css":"","site-sidebar-layout":"default","site-content-layout":"","ast-site-content-layout":"","site-content-style":"default","site-sidebar-style":"default","ast-global-header-display":"","ast-banner-title-visibility":"","ast-main-header-display":"","ast-hfb-above-header-display":"","ast-hfb-below-header-display":"","ast-hfb-mobile-header-display":"","site-post-title":"disabled","ast-breadcrumbs-content":"","ast-featured-img":"","footer-sml-layout":"","ast-disable-related-posts":"","theme-transparent-header-meta":"enabled","adv-header-id-meta":"","stick-header-meta":"","header-above-stick-meta":"","header-main-stick-meta":"","header-below-stick-meta":"","astra-migrate-meta-layouts":"default","ast-page-background-enabled":"default","ast-page-background-meta":{"desktop":{"background-color":"var(--ast-global-color-4)","background-image":"","background-repeat":"repeat","background-position":"center center","background-size":"auto","background-attachment":"scroll","background-type":"","background-media":"","overlay-type":"","overlay-color":"","overlay-opacity":"","overlay-gradient":""},"tablet":{"background-color":"","background-image":"","background-repeat":"repeat","background-position":"center center","background-size":"auto","background-attachment":"scroll","background-type":"","background-media":"","overlay-type":"","overlay-color":"","overlay-opacity":"","overlay-gradient":""},"mobile":{"background-color":"","background-image":"","background-repeat":"repeat","background-position":"center center","background-size":"auto","background-attachment":"scroll","background-type":"","background-media":"","overlay-type":"","overlay-color":"","overlay-opacity":"","overlay-gradient":""}},"ast-content-background-meta":{"desktop":{"background-color":"var(--ast-global-color-5)","background-image":"","background-repeat":"repeat","background-position":"center center","background-size":"auto","background-attachment":"scroll","background-type":"","background-media":"","overlay-type":"","overlay-color":"","overlay-opacity":"","overlay-gradient":""},"tablet":{"background-color":"var(--ast-global-color-5)","background-image":"","background-repeat":"repeat","background-position":"center center","background-size":"auto","background-attachment":"scroll","background-type":"","background-media":"","overlay-type":"","overlay-color":"","overlay-opacity":"","overlay-gradient":""},"mobile":{"background-color":"var(--ast-global-color-5)","background-image":"","background-repeat":"repeat","background-position":"center center","background-size":"auto","background-attachment":"scroll","background-type":"","background-media":"","overlay-type":"","overlay-color":"","overlay-opacity":"","overlay-gradient":""}},"footnotes":""},"class_list":["post-991","page","type-page","status-publish","hentry"],"uagb_featured_image_src":{"full":false,"thumbnail":false,"medium":false,"medium_large":false,"large":false,"1536x1536":false,"2048x2048":false},"uagb_author_info":{"display_name":"admin","author_link":"https:\/\/dtuniversity.org.ve\/web\/author\/admin_chuecos\/"},"uagb_comment_info":0,"uagb_excerpt":"SEDES Conoce nuestras sedes y vive la experiencia universitaria cerca de ti.","_links":{"self":[{"href":"https:\/\/dtuniversity.org.ve\/web\/wp-json\/wp\/v2\/pages\/991","targetHints":{"allow":["GET"]}}],"collection":[{"href":"https:\/\/dtuniversity.org.ve\/web\/wp-json\/wp\/v2\/pages"}],"about":[{"href":"https:\/\/dtuniversity.org.ve\/web\/wp-json\/wp\/v2\/types\/page"}],"author":[{"embeddable":true,"href":"https:\/\/dtuniversity.org.ve\/web\/wp-json\/wp\/v2\/users\/1"}],"replies":[{"embeddable":true,"href":"https:\/\/dtuniversity.org.ve\/web\/wp-json\/wp\/v2\/comments?post=991"}],"version-history":[{"count":124,"href":"https:\/\/dtuniversity.org.ve\/web\/wp-json\/wp\/v2\/pages\/991\/revisions"}],"predecessor-version":[{"id":1179,"href":"https:\/\/dtuniversity.org.ve\/web\/wp-json\/wp\/v2\/pages\/991\/revisions\/1179"}],"wp:attachment":[{"href":"https:\/\/dtuniversity.org.ve\/web\/wp-json\/wp\/v2\/media?parent=991"}],"curies":[{"name":"wp","href":"https:\/\/api.w.org\/{rel}","templated":true}]}}